se 7.
3601
Convert cc8 (base 14) to base 4.
213200
What is -1585 (base 9) in base 4?
-102323
What is 204041 (base 5) in base 15?
2016
What is 264 (base 7) in base 16?
90
Convert -114131 (base 6) to base 15.
-2e61
What is 413 (base 7) in base 15?
db
What is 133424 (base 5) in base 10?
5489
Convert -1102011211 (base 3) to base 8.
-66270
18162 (base 11) to base 12
128b2
Convert -1a18 (base 11) to base 5.
-40220
What is -12111 (base 4) in base 3?
-120000
-59 (base 15) to base 3
-10010
Convert -3c26 (base 14) to base 2.
-10100101111010
Convert -316 (base 12) to base 7.
-1212
-1020 (base 5) to base 16
-87
What is 2012 (base 5) in base 6?
1105
What is c5a (base 15) in base 2?
101011100001
What is -3020 (base 7) in base 14?
-547
What is -1461 (base 10) in base 8?
-2665
Convert -11668 (base 10) to base 6.
-130004
1111111100 (base 2) to base 13
606
Convert -18942 (base 10) to base 8.
-44776
What is -27105 (base 8) in base 5?
-334340
What is -1077 (base 12) in base 16?
-71b
-348c (base 13) to base 9
-11113
Convert 74c8 (base 13) to base 7.
65200
Convert 394a (base 12) to base 10.
6538
What is b76b (base 13) in base 3?
1021220012
94 (base 15) to base 10
139
Convert -41334 (base 5) to base 6.
-20331
-1001000101 (base 2) to base 10
-581
What is 23616 (base 10) in base 12?
11800
-12f1 (base 16) to base 13
-2290
What is -112202 (base 3) in base 9?
-482
213220 (base 4) to base 9
3427
110100110011010 (base 2) to base 13
c3c7
-169 (base 16) to base 14
-1bb
-1666 (base 8) to base 13
-581
-4302 (base 8) to base 12
-136a
What is 77 (base 13) in base 6?
242
Convert -1221022 (base 3) to base 8.
-2604
Convert -244644 (base 7) to base 9.
-67546
Convert 498 (base 16) to base 2.
10010011000
What is 1373 (base 8) in base 4?
23323
-54064 (base 7) to base 13
-6157
Convert 1152 (base 7) to base 9.
526
-10638 (base 10) to base 6
-121130
What is 325313 (base 6) in base 8?
64755
What is 11010111101 (base 2) in base 13?
a29
Convert 577c (base 14) to base 4.
3231202
Convert -41940 (base 10) to base 2.
-1010001111010100
Convert 34442 (base 5) to base 7.
10165
What is -1204433 (base 5) in base 4?
-11133131
10101110001010 (base 2) to base 15
3481
210 (base 12) to base 3
102010
What is -1b072 (base 12) in base 2?
-1001101110010110
-385 (base 15) to base 10
-800
Convert 4752 (base 8) to base 14.
cd4
-aa6 (base 12) to base 3
-2011000
Convert 543 (base 9) to base 8.
674
What is -3537 (base 9) in base 6?
-20054
What is 5874 (base 10) in base 2?
1011011110010
What is 1289 (base 12) in base 16?
849
Convert -172 (base 11) to base 10.
-200
What is 14531 (base 8) in base 14?
2517
What is 447 (base 12) in base 7?
1561
-2408 (base 11) to base 16
-c52
-2010 (base 3) to base 7
-111
3340 (base 8) to base 12
1028
928 (base 10) to base 12
654
Convert c082 (base 14) to base 13.
12069
What is -335101 (base 6) in base 8?
-67255
What is -286a (base 12) in base 10?
-4690
-2a6 (base 11) to base 15
-18d
Convert 8c8 (base 13) to base 14.
7a4
What is -70333 (base 8) in base 2?
-111000011011011
5656 (base 8) to base 16
bae
Convert -110020200 (base 3) to base 5.
-241203
What is c23 (base 15) in base 3?
10202020
-2023 (base 9) to base 16
-5c7
Convert -15004 (base 7) to base 16.
-1018
Convert 40323 (base 5) to base 10.
2588
5564 (base 12) to base 11
70a9
Convert 297 (base 11) to base 14.
1ac
Convert -101221000 (base 3) to base 14.
-2c8d
38c (base 15) to base 9
1086
-1a6 (base 11) to base 15
-10c
What is 23431 (base 9) in base 4?
3310231
-55 (base 12) to base 5
-230
What is -7707 (base 9) in base 15?
-1a37
What is 3213 (base 7) in base 15?
50c
-12 (base 7) to base 13
-9
Convert -234231 (base 5) to base 2.
-10000111110011
Convert -3a0 (base 13) to base 16.
-27d
What is 652 (base 9) in base 7?
1361
9990 (base 13) to base 4
11032203
Convert 110010011000 (base 2) to base 5.
100344
What is -1004002 (base 5) in base 7?
-65006
Convert -4021 (base 10) to base 7.
-14503
Convert 13431 (base 6) to base 8.
4073
What is -301032 (base 4) in base 5?
-100100
What is -61351 (base 7) in base 8?
-35124
1b3 (base 16) to base 3
121010
-3236 (base 7) to base 3
-1120202
37b0 (base 12) to base 2
1100010110100
What is -25502 (base 7) in base 15?
-200e
Convert -25705 (base 9) to base 7.
-101360
Convert 507 (base 8) to base 9.
403
What is -202211022 (base 3) in base 9?
-22738
What is 581 (base 9) in base 3?
122201
-2233030 (base 4) to base 5
-324322
-4338 (base 10) to base 14
-181c
-12121220 (base 3) to base 14
-16cd
Convert -64 (base 15) to base 9.
-114
Convert -4313 (base 12) to base 6.
-54023
What is -7201 (base 10) in base 2?
-1110000100001
852 (base 9) to base 2
1010110111
-9942 (base 14) to base 6
-322434
What is -7005 (base 9) in base 3?
-21000012
What is -30000 (base 5) in base 15?
-850
888 (base 16) to base 3
2222220
7794 (base 11) to base 14
3a55
-6045 (base 12) to base 9
-15258
-2101011 (base 3) to base 7
-5023
What is 180 (base 16) in base 3?
112020
What is -200401 (base 6) in base 3?
-210112101
Convert -59 (base 15) to base 11.
-77
What is -55034 (base 6) in base 16?
-1d9e
Convert 656 (base 7) to base 5.
2320
What is 1018 (base 12) in base 2?
11011010100
Convert -2122 (base 6) to base 12.
-342
Convert -10102113 (base 4) to base 14.
-6583
-aca (base 14) to base 4
-201122
Convert -13124 (base 6) to base 15.
-8d1
Convert -34a (base 12) to base 14.
-270
What is -10320 (base 6) in base 13?
-84c
What is -e3d (base 15) in base 10?
-3208
What is d4b (base 14) in base 8?
5067
-20302 (base 4) to base 11
-471
-492 (base 11) to base 10
-585
Convert -1111101110100110 (base 2) to base 9.
-107330
What is 1116 (base 12) in base 2?
11101100010
-12a7 (base 13) to base 2
-101001110000
-10505 (base 11) to base 15
-47bb
Convert 1054 (base 11) to base 10.
1390
Convert 101101000 (base 2) to base 11.
2a8
What is 22200 (base 3) in base 4?
3222
Convert -431151 (base 6) to base 5.
-2112100
What is 262 (base 15) in base 8?
1036
Convert 8708 (base 9) to base 3.
22210022
What is -8a98 (base 16) in base 15?
-a7a5
What is -34aa (base 11) in base 12?
-27b1
19c (base 14) to base 5
2314
-5a4 (base 14) to base 4
-101210
Convert 11000101111111 (base 2) to base 9.
18338
What is 2334 (base 15) in base 16?
1d32
Convert 1341 (base 5) to base 16.
dd
What is aa0 (base 11) in base 6?
10040
-2718 (base 9) to base 4
-133322
What is -240441 (base 6) in base 8?
-50651
-6c8 (base 16) to base 14
-8c0
What is -11e (base 15) in base 5?
-2004
-8268 (base 13) to base 3
-220200200
c9e (base 16) to base 6
22542
What is 11101110 (base 2) in base 5?
1423
2459 (base 11) to base 10
3210
What is 25355 (base 6) in base 4?
323213
What is 1394 (base 11) in base 13?
a83
360 (base 14) to base 10
672
-3647 (base 13) to base 4
-1313300
Convert 1102012101 (base 3) to base 15.
83b7
What is -10111001 (base 3) in base 2?
-100111101011
412 (base 8) to base 9
325
449 (base 16) to base 3
1111122
Convert b6aa (base 12) to base 7.
112213
-871 (base 11) to base 13
-626
Convert 4c6 (base 16) to base 2.
10011000110
1011110010010 (base 2) to base 16
1792
-4355 (base 7) to base 9
-2122
Convert -206 (base 15) to base 4.
-13020
Convert 1220350 (base 6) to base 11.
44875
f3 (base 16) to base 7
465
Convert -2b2 (base 12) to base 5.
-3142
Convert -451 (base 11) to base 7.
-1401
-1269 (base 11) to base 2
-11001110000
What is 41102 (base 5) in base 14?
d76
Convert 992 (base 10) to base 13.
5b4
Convert -1312 (base 16) to base 11.
-3739
-3123033 (base 4) to base 11
-a5a6
21155 (base 8) to base 16
226d
-13216 (base 7) to base 15
-10b1
Convert -112544 (base 8) to base 12.
-1a170
What is -5314 (base 8) in base 16?
-acc
What is -22010022 (base 3) in base 14?
-222d
What is -3cc0 (base 15) in base 7?
-52626
Convert 132725 (base 8) to base 3.
2100212001
-217f (base 16) to base 7
-34000
-1110 (base 3) to base 13
-30
What is 226a (base 11) in base 3?
11002101
Convert 4622 (base 13) to base 16.
2666
Convert 5a19 (base 12) to base 10.
10101
Convert 11222011 (base 3) to base 4.
320212
What is 492 (base 13) in base 12?
563
What is 10140 (base 7) in base 14?
c90
What is 60577 (base 9) in base 16?
9ba1
What is -11000010001 (base 2) in base 7?
-4346
1828 (base 9) to base 14
723
-240 (base 7) to base 10
-126
What is 1510 (base 7) in base 14?
307
What is -125b (base 13) in base 7?
-10420
26d2 (base 14) to base 13
316a
What is -1